9?
2d854
In base 16, what is -2 - b7b3a?
-b7b3c
In base 7, what is 4 + -12352252?
-12352245
In base 6, what is 43551 + 211?
44202
In base 6, what is -10 + 253252?
253242
In base 3, what is 102210010010 - 2?
102210010001
In base 14, what is 3 - 18d03?
-18d00
In base 11, what is -6 + 778a4?
77899
In base 10, what is 2 - 31855?
-31853
In base 2, what is 100 + 1001000110100101?
1001000110101001
In base 11, what is 1 + 6467?
6468
In base 9, what is -4 + 6363?
6358
In base 7, what is -15215 + -4623?
-23141
In base 8, what is -23656 - -53?
-23603
In base 16, what is 40df - 0?
40df
In base 5, what is 31 + -211330?
-211244
In base 14, what is -212b - -18d?
-1d7c
In base 5, what is -4213 + 3332?
-331
In base 8, what is -23 - -34644?
34621
In base 15, what is 13 + 1a31?
1a44
In base 3, what is -202222 - 101222110?
-102202102
In base 15, what is -4c11 - 7?
-4c18
In base 14, what is -a932d - -5?
-a9328
In base 7, what is 23404 + 4?
23411
In base 13, what is 643 + -9?
637
In base 3, what is 22020100211 + -1?
22020100210
In base 13, what is -24 + 1721?
16ca
In base 16, what is -83ea - 0?
-83ea
In base 16, what is ead + -137?
d76
In base 14, what is 2 + -1705a9?
-1705a7
In base 15, what is 42a4 - -2a?
42ce
In base 6, what is 24 + 2422410?
2422434
In base 6, what is 5114 - 3453?
1221
In base 14, what is 16b + 5?
172
In base 13, what is -1c + -868c?
-86ab
In base 4, what is 220 + -111321?
-111101
In base 16, what is c4d + -6?
c47
In base 13, what is -1324 + -589?
-18b0
In base 12, what is -317 + -7?
-322
In base 3, what is -10111221 - -10?
-10111211
In base 3, what is -110101 + 1102001?
221200
In base 14, what is 2 - -c96?
c98
In base 14, what is -1 - 2dd63?
-2dd64
In base 4, what is -3 - 1333002?
-1333011
In base 7, what is -510 - -34240?
33430
In base 11, what is -46313 - 2?
-46315
In base 6, what is 30122501 + -4?
30122453
In base 11, what is 56a1 - -58?
5749
In base 11, what is -26 + 27845?
2781a
In base 9, what is 1054 - 3820?
-2755
In base 13, what is c - b92?
-b83
In base 16, what is -2d96 + -3?
-2d99
In base 6, what is 255 + -501?
-202
In base 10, what is -55204 - -1?
-55203
In base 12, what is -1 + -100899?
-10089a
In base 9, what is 5 + -416183?
-416177
In base 10, what is 3 - -747?
750
In base 14, what is 9485 - -1?
9486
In base 12, what is 115 - -637?
750
In base 4, what is 13 + -300220332?
-300220313
In base 13, what is -7c + -1300c?
-1308b
In base 12, what is 1432613 - 0?
1432613
In base 12, what is 58 - -63a3?
643b
In base 10, what is -208504 - -4?
-208500
In base 7, what is -105514 + -46?
-105563
In base 10, what is 793 + 1766?
2559
In base 15, what is 1e7 - 5d6?
-3de
In base 7, what is -11130 + 51?
-11046
In base 12, what is 1326 + 1a6a?
3194
In base 8, what is 3 + 4040?
4043
In base 2, what is 11010101 + -101111?
10100110
In base 9, what is -3 + 32732?
32728
In base 9, what is 34546 - 0?
34546
In base 9, what is -30 + -146?
-176
In base 15, what is -7 - -32220?
32218
In base 14, what is 5b + -c4?
-67
In base 14, what is -530 - -c6?
-448
In base 9, what is -11 - -3674?
3663
In base 15, what is a5d25 + 1?
a5d26
In base 15, what is 2 - 70a1e?
-70a1c
In base 15, what is 4 - -90?
94
In base 5, what is -10310 + 22344?
12034
In base 3, what is 220112 - 1210?
211202
In base 4, what is 31 - -20212110?
20212201
In base 12, what is -148 + 202?
76
In base 14, what is -1 - -6c2d9?
6c2d8
In base 12, what is -1b664 - 22?
-1b686
In base 8, what is -24370 - -5?
-24363
In base 12, what is a1 + -7aa2?
-7a01
In base 6, what is 15 + -2334?
-2315
In base 13, what is -4448 + 1?
-4447
In base 7, what is -364256 + -12?
-364301
In base 3, what is -100210220002202 - -2?
-100210220002200
In base 4, what is -110320221 + 112?
-110320103
In base 7, what is 1 - 403643?
-403642
In base 15, what is 12e - 13c?
-d
In base 3, what is 10012021 - -10101?
10022122
In base 12, what is 4 - 32678?
-32674
In base 6, what is 501 - -1045?
1550
In base 3, what is -1102001210 - -110?
-1102001100
In base 14, what is 14202 - -d?
14211
In base 2, what is -111 + -1011101111000?
-1011101111111
In base 2, what is -1011 - 1010001001?
-1010010100
In base 8, what is -4 - 1076373?
-1076377
In base 15, what is -bd19 + 15?
-bd04
In base 13, what is -10c63 + a?
-10c56
In base 9, what is 4272 + -3127?
1144
In base 15, what is -150ca2 + -4?
-150ca6
In base 11, what is -13567 - 44?
-13600
In base 11, what is -18 + 11a65?
11a48
In base 2, what is 100001 - 1000010001001110?
-1000010000101101
In base 12, what is -a131a - 0?
-a131a
In base 15, what is 143a8 + -1b?
1438c
In base 15, what is -4 + 207?
203
In base 6, what is 12 + -12101?
-12045
In base 9, what is 10521 - -1?
10522
In base 16, what is 3 + 28669?
2866c
In base 5, what is 3 - 30231?
-30223
In base 14, what is 20 - 30c4?
-30a4
In base 3, what is -1 - 2112110022?
-2112110100
In base 10, what is 177562 + 2?
177564
In base 15, what is -59c + -ab?
-658
In base 16, what is 4 + 13c52?
13c56
In base 6, what is 520113 - 0?
520113
In base 11, what is 34 + 349?
382
In base 8, what is -3 - 311264?
-311267
In base 8, what is -54064 - 0?
-54064
In base 9, what is -218 + 351?
132
In base 16, what is 5 - -aac6a?
aac6f
In base 7, what is -1011 - -4143?
3132
In base 13, what is -3125 - -1?
-3124
In base 9, what is -1233 - -1345?
112
In base 15, what is -2d - -a8?
7a
In base 9, what is -13 + -167106?
-167120
In base 12, what is -180 - -4a5?
325
In base 11, what is 2 - -667a0?
667a2
In base 7, what is 562 + -626?
-34
In base 16, what is -1b38d - -4?
-1b389
In base 12, what is -119 + -62?
-17b
In base 16, what is 81ef - -1?
81f0
In base 13, what is -5 + -1bba4?
-1bba9
In base 6, what is 422 + 2142?
3004
In base 9, what is 0 + -26081?
-26081
In base 4, what is 320 - -3021221?
3022201
In base 6, what is 2 + 31210?
31212
In base 12, what is -1387 + 194?
-11b3
In base 8, what is -73 + -2601?
-2674
In base 16, what is 7d5e - c?
7d52
In base 3, what is 100220 + -221011021?
-220210101
In base 13, what is -b - -1288?
127a
In base 16, what is -5 + -1ee95?
-1ee9a
In base 16, what is -1e03dd + -2?
-1e03df
In base 11, what is -4 - -26325?
26321
In base 12, what is 84740 + 9?
84749
In base 12, what is 0 - -13092?
13092
In base 15, what is cee - -84?
d83
In base 7, what is -1 + 661426?
661425
In base 9, what is 65 + -48344?
-48268
In base 12, what is -277 + -1436?
-16b1
In base 7, what is -25662 + -6?
-26001
In base 3, what is 1122002101 + 2?
1122002110
In base 10, what is -12 + -1434?
-1446
In base 15, what is -13805b + 0?
-13805b
In base 4, what is -12 + 111232300?
111232222
In base 8, what is -333717 - 2?
-333721
In base 7, what is 125 - 43506?
-43351
In base 13, what is -104 + -354?
-458
In base 3, what is -12122221002 + 101?
-12122220201
In base 3, what is 220010 + 201111?
1121121
In base 4, what is 2320 + 11021?
20001
In base 6, what is 30033 + 15?
30052
In base 2, what is -110 + 1010111101101110?
1010111101101000
In base 15, what is 141 + 7ea?
93b
In base 13, what is 1c + -543b?
-541c
In base 12, what is 14a84 + -2?
14a82
In base 5, what is -414 - -14110?
13141
In base 3, what is 100010221111 + 0?
100010221111
In base 11, what is 2635 + -58?
2588
In base 15, what is 25 - -165b?
1681
In base 7, what is -54 - 1033?
-1120
In base 13, what is -1c788 - 4?
-1c78c
In base 15, what is -37 - -37c?
345
In base 8, what is -230 - -256?
26
In base 9, what is 3 - 76151?
-76147
In base 14, what is -2 - 6c967?
-6c969
In base 13, what is -8 - -1559c?
15594
In base 16, what is -621 - -7b8?
197
In base 15, what is 16 + -c19c?
-c186
In base 8, what is -152076 - 3?
-152101
In base 9, what is 233 + 417?
651
In base 11, what is -11 + 3399?
3388
In base 16, what is -5 + 1ec4e?
1ec49
In base 3, what is -10 + 101212212?
101212202
In base 9, what is 188 - -63?
262
In base 3, what is -11 - 11112211?
-11112222
In base 7, what is 56 - 5540?
-5451
In base 5, what is 21033 - 3433?
12100
In base 3, what is 11010111 - 122?
11002212
In base 11, what is -1845 - -1824?
-21
In base 15, what is a49d6 - -4?
a49da
In base 5, what is 2320 - -134020?
141340
In base 7, what is 0 + -360414?
-360414
In base 3, what is -1120 + 1220?
100
In base 12, what is 18 + 1786?
17a2
In base 6, what is 1004 + -44534?
-43530
In base 8, what is -1 + 17153?
17152
In base 12, what is 6024 + -4?
6020
In base 12, what is a5 + -108?
-23